75386.
2, 3, 17, 260543
What are the prime factors of 237728?
2, 17, 19, 23
List the prime factors of 87262.
2, 7, 23, 271
What are the prime factors of 1515502?
2, 757751
List the prime factors of 21858914.
2, 7, 11, 141941
What are the prime factors of 1210382?
2, 605191
List the prime factors of 250575.
3, 5, 13, 257
List the prime factors of 2778000.
2, 3, 5, 463
What are the prime factors of 402763?
402763
What are the prime factors of 4843657?
7, 13, 17, 31, 101
What are the prime factors of 5335494?
2, 3, 23, 41
List the prime factors of 2172526.
2, 1086263
What are the prime factors of 10283432?
2, 1285429
What are the prime factors of 4752420?
2, 3, 5, 103, 769
List the prime factors of 1443436.
2, 17, 21227
List the prime factors of 25408308.
2, 3, 821, 2579
List the prime factors of 9722655.
3, 5, 47, 4597
List the prime factors of 516525.
3, 5, 71, 97
What are the prime factors of 30001?
19, 1579
List the prime factors of 899188.
2, 224797
List the prime factors of 71896.
2, 11, 19, 43
List the prime factors of 21199830.
2, 3, 5, 706661
List the prime factors of 1874725.
5, 31, 41, 59
What are the prime factors of 4865898?
2, 3, 313, 2591
List the prime factors of 3956974.
2, 7, 179, 1579
List the prime factors of 2086218.
2, 3, 115901
What are the prime factors of 10007460?
2, 3, 5, 53, 1049
What are the prime factors of 8117334?
2, 3, 89, 563
List the prime factors of 70860.
2, 3, 5, 1181
List the prime factors of 468785.
5, 29, 53, 61
What are the prime factors of 1644551?
41, 40111
List the prime factors of 273044.
2, 68261
What are the prime factors of 255426?
2, 3, 42571
List the prime factors of 1159646.
2, 19, 30517
List the prime factors of 9759994.
2, 4879997
List the prime factors of 1351261.
19, 71119
What are the prime factors of 3543527?
13, 37, 53, 139
What are the prime factors of 3646984?
2, 11, 41443
List the prime factors of 12350060.
2, 5, 53, 61, 191
What are the prime factors of 1888685?
5, 377737
List the prime factors of 6380328.
2, 3, 265847
List the prime factors of 1064501.
953, 1117
What are the prime factors of 887674?
2, 443837
What are the prime factors of 5094596?
2, 13, 97973
What are the prime factors of 598394?
2, 299197
List the prime factors of 20889241.
97, 215353
List the prime factors of 1762110.
2, 3, 5, 7, 2797
What are the prime factors of 6938492?
2, 11, 103, 1531
List the prime factors of 395891.
395891
List the prime factors of 5336404.
2, 1334101
What are the prime factors of 12014091?
3, 29, 191, 241
List the prime factors of 6130539.
3, 47, 4831
What are the prime factors of 4065115?
5, 813023
List the prime factors of 332037.
3, 79, 467
What are the prime factors of 4185797?
7, 11, 54361
List the prime factors of 212346.
2, 3, 47, 251
List the prime factors of 12700502.
2, 6350251
List the prime factors of 579014.
2, 29, 67, 149
List the prime factors of 7214473.
7, 1030639
What are the prime factors of 10799?
10799
What are the prime factors of 13362864?
2, 3, 278393
List the prime factors of 555147.
3, 29, 709
What are the prime factors of 1418040?
2, 3, 5, 13, 101
What are the prime factors of 1007632?
2, 71, 887
List the prime factors of 1634121.
3, 29, 2087
What are the prime factors of 153782?
2, 17, 4523
What are the prime factors of 2643801?
3, 61, 14447
What are the prime factors of 855410?
2, 5, 113, 757
What are the prime factors of 460775?
5, 7, 2633
What are the prime factors of 652592?
2, 40787
List the prime factors of 728149.
317, 2297
List the prime factors of 789345.
3, 5, 1949
List the prime factors of 24488440.
2, 5, 659, 929
What are the prime factors of 22744548?
2, 3, 379, 1667
List the prime factors of 723847.
47, 15401
What are the prime factors of 2481764?
2, 620441
List the prime factors of 56594.
2, 28297
What are the prime factors of 3177747?
3, 71, 4973
What are the prime factors of 25874880?
2, 3, 5, 26953
List the prime factors of 6364030.
2, 5, 636403
List the prime factors of 72135.
3, 5, 7, 229
List the prime factors of 5468694.
2, 3, 7, 11, 19, 89
What are the prime factors of 203404?
2, 211, 241
List the prime factors of 206062.
2, 197, 523
List the prime factors of 599718.
2, 3, 7, 109, 131
List the prime factors of 122757.
3, 17, 29, 83
List the prime factors of 5773507.
71, 233, 349
List the prime factors of 536638.
2, 251, 1069
List the prime factors of 175232.
2, 37
List the prime factors of 247864.
2, 30983
What are the prime factors of 5262324?
2, 3, 438527
What are the prime factors of 1279750?
2, 5, 5119
List the prime factors of 1612762.
2, 806381
List the prime factors of 857677.
31, 73, 379
List the prime factors of 15268717.
53, 288089
What are the prime factors of 581398?
2, 149, 1951
What are the prime factors of 20281479?
3, 6760493
What are the prime factors of 130267?
130267
What are the prime factors of 145267?
145267
List the prime factors of 19020363.
3, 83, 76387
List the prime factors of 759122.
2, 7, 13, 43, 97
What are the prime factors of 1406745?
3, 5, 43, 727
List the prime factors of 12068832.
2, 3, 125717
What are the prime factors of 286743?
3, 95581
What are the prime factors of 134853?
3, 79, 569
What are the prime factors of 415105?
5, 61, 1361
List the prime factors of 12813438.
2, 3, 11, 23, 367
What are the prime factors of 128919?
3, 7, 877
List the prime factors of 16008464.
2, 29, 34501
List the prime factors of 4792147.
17, 101, 2791
List the prime factors of 2158986.
2, 3, 587, 613
List the prime factors of 16032405.
3, 5, 47, 22741
What are the prime factors of 10722713?
173, 61981
List the prime factors of 1059694.
2, 529847
What are the prime factors of 214956?
2, 3, 7, 853
List the prime factors of 2439069.
3, 813023
What are the prime factors of 6387789?
3, 2129263
List the prime factors of 496236.
2, 3, 13, 3181
What are the prime factors of 23383128?
2, 3, 179, 5443
What are the prime factors of 6450147?
3, 11, 5923
What are the prime factors of 12165240?
2, 3, 5, 101377
What are the prime factors of 860940?
2, 3, 5, 4783
List the prime factors of 4443252.
2, 3, 11, 41, 821
List the prime factors of 594889.
594889
List the prime factors of 558470.
2, 5, 11, 5077
List the prime factors of 202818.
2, 3, 7, 11, 439
List the prime factors of 538345.
5, 67, 1607
What are the prime factors of 3367365?
3, 5, 224491
List the prime factors of 3423660.
2, 3, 5, 43, 1327
What are the prime factors of 61430?
2, 5, 6143
What are the prime factors of 2622359?
277, 9467
What are the prime factors of 50119?
50119
What are the prime factors of 657028?
2, 83, 1979
List the prime factors of 8515345.
5, 631, 2699
What are the prime factors of 492725?
5, 19709
List the prime factors of 115072.
2, 29, 31
What are the prime factors of 2976574?
2, 257, 5791
What are the prime factors of 13779544?
2, 1722443
List the prime factors of 6505759.
13, 500443
What are the prime factors of 416558?
2, 208279
What are the prime factors of 13996000?
2, 5, 3499
What are the prime factors of 1093584?
2, 3, 22783
What are the prime factors of 6187312?
2, 19, 20353
What are the prime factors of 631324?
2, 157831
What are the prime factors of 8208998?
2, 7, 113, 5189
List the prime factors of 1051323.
3, 7, 13, 3851
What are the prime factors of 552631?
53, 10427
List the prime factors of 9717788.
2, 61, 39827
What are the prime factors of 78067?
11, 47, 151
What are the prime factors of 8861007?
3, 599, 4931
What are the prime factors of 83584?
2, 653
List the prime factors of 8363298.
2, 3, 1393883
List the prime factors of 493795.
5, 61, 1619
List the prime factors of 557657.
127, 4391
What are the prime factors of 7722121?
11, 702011
List the prime factors of 7154335.
5, 31, 101, 457
What are the prime factors of 12040089?
3, 4013363
List the prime factors of 49764.
2, 3, 11, 13, 29
List the prime factors of 172375.
5, 7, 197
What are the prime factors of 305899?
11, 27809
List the prime factors of 931584.
2, 3, 1213
What are the prime factors of 7564421?
7564421
What are the prime factors of 831313?
7, 103, 1153
What are the prime factors of 3593951?
151, 23801
List the prime factors of 514898.
2, 101, 2549
List the prime factors of 24436597.
24436597
What are the prime factors of 62273?
62273
List the prime factors of 36877.
3